est common divisor of 247266 and 76?
38
Calculate the highest common factor of 1146 and 189472.
382
What is the highest common factor of 168 and 1806056?
56
Calculate the highest common divisor of 302539 and 141.
47
What is the greatest common divisor of 345 and 1785?
15
What is the greatest common factor of 378 and 50078?
14
What is the greatest common factor of 3050 and 2013?
61
Calculate the greatest common factor of 162072 and 12.
12
Calculate the greatest common divisor of 539 and 4697.
77
What is the highest common divisor of 1383070 and 130?
130
What is the highest common divisor of 272 and 111741?
17
What is the greatest common divisor of 1274 and 54194?
98
Calculate the greatest common divisor of 931316 and 424.
212
What is the highest common factor of 753060 and 1848?
924
Calculate the greatest common factor of 165459 and 105.
21
What is the greatest common factor of 204 and 2892108?
204
Calculate the highest common divisor of 2501653 and 106.
53
Calculate the highest common divisor of 178062 and 59.
59
What is the highest common divisor of 22545 and 13026?
501
Calculate the highest common divisor of 12 and 113460.
12
What is the greatest common divisor of 729 and 2151?
9
What is the highest common factor of 286 and 49676?
22
What is the greatest common divisor of 826045 and 825?
55
Calculate the highest common divisor of 22366 and 2532.
422
Calculate the highest common factor of 27984 and 4929.
159
What is the highest common factor of 1272 and 65508?
636
Calculate the highest common divisor of 109142 and 164.
82
Calculate the highest common divisor of 2676 and 1404.
12
Calculate the greatest common divisor of 396014 and 46.
46
Calculate the greatest common factor of 180 and 14515.
5
What is the greatest common factor of 253 and 18117?
11
Calculate the highest common factor of 168 and 122304.
168
What is the greatest common factor of 96163 and 111?
37
Calculate the greatest common factor of 1500 and 48.
12
What is the highest common divisor of 4010 and 1067462?
802
Calculate the greatest common factor of 5118248 and 1704.
568
Calculate the highest common divisor of 1629 and 23457600.
1629
What is the highest common divisor of 496 and 39308?
124
Calculate the greatest common factor of 265 and 1206545.
265
What is the highest common factor of 3234 and 210166?
22
Calculate the highest common factor of 6 and 257574.
6
Calculate the highest common factor of 5060 and 33580.
460
What is the greatest common factor of 1365835 and 3460?
865
What is the highest common divisor of 13962 and 104?
26
Calculate the highest common divisor of 56490 and 420.
210
Calculate the greatest common divisor of 92 and 671.
1
What is the greatest common divisor of 1701 and 23688?
63
Calculate the greatest common factor of 68334 and 42.
42
What is the highest common divisor of 779256 and 2192?
1096
What is the greatest common divisor of 54 and 157086?
54
What is the greatest common factor of 123 and 19065?
123
Calculate the highest common divisor of 264028 and 2682.
298
What is the highest common factor of 713 and 5543?
23
What is the highest common divisor of 6504 and 21?
3
Calculate the greatest common factor of 80478 and 68.
34
Calculate the greatest common divisor of 53384 and 8.
8
What is the greatest common divisor of 561 and 368643?
33
Calculate the highest common factor of 1252119 and 22.
11
Calculate the greatest common divisor of 4383 and 576.
9
Calculate the highest common divisor of 145563 and 4719.
363
Calculate the greatest common divisor of 646679 and 121.
11
What is the highest common divisor of 221493 and 51?
51
Calculate the highest common divisor of 450657 and 459.
27
What is the greatest common factor of 66 and 16038?
66
Calculate the greatest common factor of 864 and 27928.
8
Calculate the highest common divisor of 86633 and 369.
41
Calculate the greatest common factor of 18 and 89274.
6
Calculate the highest common divisor of 88 and 354156.
44
What is the greatest common divisor of 364 and 27020?
28
Calculate the highest common divisor of 24 and 166272.
24
Calculate the highest common factor of 36603 and 4233.
249
What is the greatest common divisor of 231 and 12859?
77
Calculate the greatest common divisor of 776 and 162281.
97
What is the greatest common divisor of 138737 and 68?
17
Calculate the highest common factor of 7934463 and 81.
27
Calculate the highest common divisor of 1992 and 1157601.
249
What is the highest common factor of 44168 and 288?
8
What is the highest common factor of 32 and 9488?
16
What is the highest common divisor of 56260 and 17690?
290
What is the highest common factor of 5391 and 36?
9
What is the greatest common divisor of 455672 and 721?
721
What is the greatest common divisor of 2223 and 2470?
247
Calculate the highest common divisor of 10 and 74905.
5
Calculate the greatest common factor of 8785 and 406620.
1255
What is the greatest common divisor of 7844 and 32012?
212
What is the highest common divisor of 1088 and 208?
16
Calculate the highest common factor of 92 and 275172.
92
What is the highest common divisor of 12290 and 14930?
10
Calculate the highest common divisor of 10732610 and 493.
493
Calculate the highest common divisor of 156272 and 48.
16
Calculate the greatest common divisor of 10735 and 8927.
113
What is the highest common divisor of 502483 and 667?
29
What is the highest common divisor of 16128 and 173952?
1152
Calculate the highest common factor of 1026909 and 156.
39
What is the greatest common factor of 5044 and 153163?
97
Calculate the highest common divisor of 2375 and 5375.
125
Calculate the highest common divisor of 209455 and 10.
5
What is the greatest common factor of 63 and 11942?
7
What is the greatest common divisor of 1124662 and 1078?
154
What is the highest common factor of 45 and 4702875?
15
Calculate the greatest common divisor of 58 and 2147102.
58
Calculate the highest common factor of 2133266 and 249.
83
What is the highest common divisor of 764 and 952?
4
Calculate the highest common divisor of 114 and 2526.
6
Calculate the highest common divisor of 39172 and 2380.
28
What is the greatest common factor of 8968 and 228?
76
Calculate the greatest common divisor of 2754 and 72.
18
Calculate the greatest common divisor of 30 and 1507890.
30
Calculate the greatest common divisor of 163724 and 176.
44
Calculate the highest common factor of 594 and 374.
22
What is the highest common factor of 7572 and 102?
6
What is the highest common factor of 202111 and 91?
91
Calculate the greatest common divisor of 16414 and 116.
58
Calculate the highest common divisor of 245312 and 1088.
64
Calculate the greatest common factor of 9744 and 244006.
406
Calculate the highest common divisor of 15677 and 4112.
257
Calculate the greatest common factor of 4097 and 2363.
17
What is the highest common divisor of 400098 and 18?
6
Calculate the greatest common factor of 1113 and 8533.
371
Calculate the highest common divisor of 126 and 18984.
42
What is the highest common divisor of 1223585 and 1320?
55
Calculate the highest common divisor of 24 and 391480.
8
Calculate the highest common divisor of 154576 and 472.
8
Calculate the highest common factor of 8692 and 15052.
212
Calculate the highest common divisor of 42 and 26768.
14
Calculate the highest common divisor of 183432 and 1128.
24
What is the greatest common divisor of 27 and 78624?
27
What is the greatest common divisor of 104416 and 5408?
416
Calculate the highest common divisor of 656 and 3136.
16
Calculate the highest common factor of 29682 and 714.
102
What is the greatest common divisor of 201 and 402?
201
What is the greatest common factor of 11355 and 315?
15
What is the highest common factor of 2688 and 41856?
384
Calculate the greatest common divisor of 4005 and 408065.
445
Calculate the highest common factor of 111 and 3081.
3
What is the highest common divisor of 36534 and 6?
6
What is the highest common factor of 252 and 36932?
28
What is the highest common factor of 13344 and 2528?
32
What is the greatest common divisor of 89497 and 62?
31
What is the greatest common factor of 459327 and 55?
11
Calculate the highest common factor of 2015328 and 504.
168
What is the greatest common divisor of 20119 and 22?
11
What is the 